hen 46601691 is divided by 258898.
51
Calculate the remainder when 373182 is divided by 562.
14
What is the remainder when 6692030 is divided by 2230669?
23
What is the remainder when 3581664 is divided by 3295?
3294
Calculate the remainder when 1215368 is divided by 491.
143
Calculate the remainder when 1023324875 is divided by 63.
62
What is the remainder when 301421195 is divided by 80?
75
What is the remainder when 3291559 is divided by 1906?
1803
Calculate the remainder when 803504 is divided by 411.
410
Calculate the remainder when 56418787 is divided by 23420.
7
Calculate the remainder when 1175956 is divided by 3008.
2836
Calculate the remainder when 68066717 is divided by 1044.
5
What is the remainder when 3526687 is divided by 205?
72
What is the remainder when 64975 is divided by 15482?
3047
What is the remainder when 72219768 is divided by 1011?
1005
What is the remainder when 5005552 is divided by 826?
818
What is the remainder when 25206 is divided by 5055?
4986
What is the remainder when 4663937 is divided by 3099?
3041
What is the remainder when 268917 is divided by 120?
117
Calculate the remainder when 288277 is divided by 9604.
157
Calculate the remainder when 544777 is divided by 5807.
4726
Calculate the remainder when 26349929 is divided by 26349831.
98
Calculate the remainder when 403657 is divided by 20.
17
What is the remainder when 5030509 is divided by 6997?
6663
Calculate the remainder when 13177110 is divided by 2196181.
24
Calculate the remainder when 22773164 is divided by 225.
14
What is the remainder when 41787939 is divided by 135?
39
What is the remainder when 6243909 is divided by 89198?
49
What is the remainder when 510451 is divided by 169401?
2248
Calculate the remainder when 108574 is divided by 53297.
1980
What is the remainder when 994616606 is divided by 26?
22
What is the remainder when 274717 is divided by 19613?
135
What is the remainder when 344103746 is divided by 146?
142
What is the remainder when 663333 is divided by 166?
163
What is the remainder when 1145453273 is divided by 18?
17
What is the remainder when 177498903 is divided by 2327?
2324
What is the remainder when 279701 is divided by 4302?
71
Calculate the remainder when 2098464 is divided by 119.
18
What is the remainder when 1580518 is divided by 305?
8
What is the remainder when 5163454 is divided by 120079?
57
What is the remainder when 4663205 is divided by 882?
71
What is the remainder when 24317 is divided by 1595?
392
Calculate the remainder when 78567716 is divided by 1320.
1316
What is the remainder when 2239039 is divided by 373173?
1
What is the remainder when 13118422 is divided by 122602?
8
Calculate the remainder when 27548959 is divided by 20.
19
Calculate the remainder when 2041062 is divided by 8.
6
What is the remainder when 118125 is divided by 117657?
468
What is the remainder when 4000215 is divided by 2000100?
15
Calculate the remainder when 2866147 is divided by 573229.
2
What is the remainder when 2617335 is divided by 33?
6
Calculate the remainder when 26617 is divided by 8802.
211
Calculate the remainder when 159400 is divided by 79313.
774
Calculate the remainder when 265593882 is divided by 32.
26
Calculate the remainder when 443316 is divided by 6.
0
What is the remainder when 1483236 is divided by 2973?
2682
What is the remainder when 21530895 is divided by 548?
523
What is the remainder when 469665 is divided by 27626?
23
Calculate the remainder when 152628 is divided by 1119.
444
What is the remainder when 169907 is divided by 912?
275
What is the remainder when 126284399 is divided by 2640?
2639
Calculate the remainder when 780117928 is divided by 2890.
2888
What is the remainder when 492504 is divided by 394?
4
Calculate the remainder when 1081428 is divided by 98.
96
Calculate the remainder when 234462 is divided by 84.
18
Calculate the remainder when 45840444 is divided by 45840434.
10
What is the remainder when 2917192 is divided by 1442?
26
What is the remainder when 1424740849 is divided by 130?
129
Calculate the remainder when 32874231 is divided by 1933778.
5
What is the remainder when 430199 is divided by 214995?
209
Calculate the remainder when 1965027 is divided by 510.
507
What is the remainder when 6515468 is divided by 2123?
2104
What is the remainder when 1702852 is divided by 15199?
564
What is the remainder when 39715788 is divided by 290?
288
Calculate the remainder when 20278078 is divided by 13447.
2
Calculate the remainder when 5294163 is divided by 907.
4
Calculate the remainder when 533402 is divided by 76194.
44
What is the remainder when 319757 is divided by 45649?
214
Calculate the remainder when 477107 is divided by 885.
92
Calculate the remainder when 6477546 is divided by 4139.
11
What is the remainder when 752442 is divided by 115?
112
Calculate the remainder when 6084048 is divided by 434574.
12
What is the remainder when 7199954 is divided by 4784?
34
What is the remainder when 4704218 is divided by 31?
30
Calculate the remainder when 76572913 is divided by 256956.
25
Calculate the remainder when 1486034 is divided by 106141.
60
What is the remainder when 28216 is divided by 14040?
136
Calculate the remainder when 25418355 is divided by 1661.
72
Calculate the remainder when 677106 is divided by 2527.
2397
What is the remainder when 98760 is divided by 6468?
1740
Calculate the remainder when 7644396 is divided by 262.
22
Calculate the remainder when 5524896 is divided by 5890.
76
Calculate the remainder when 17850387 is divided by 1227.
1218
Calculate the remainder when 2611236 is divided by 34.
2
What is the remainder when 3641933 is divided by 280143?
74
What is the remainder when 4150760 is divided by 8794?
8786
What is the remainder when 633037 is divided by 105504?
13
What is the remainder when 46773000 is divided by 18546?
18534
Calculate the remainder when 5486715 is divided by 22394.
185
Calculate the remainder when 499030 is divided by 273.
259
Calculate the remainder when 296796827 is divided by 46.
43
What is the remainder when 61886 is divided by 53013?
8873
Calculate the remainder when 539520 is divided by 3513.
2031
What is the remainder when 1218372 is divided by 608500?
1372
What is the remainder when 16432314 is divided by 4003?
4002
What is the remainder when 98477 is divided by 48820?
837
Calculate the remainder when 141464505 is divided by 923.
910
Calculate the remainder when 994192 is divided by 108.
52
Calculate the remainder when 4191913 is divided by 2029.
2028
What is the remainder when 22190260 is divided by 7396740?
40
What is the remainder when 1626555 is divided by 4247?
4201
What is the remainder when 48369 is divided by 48354?
15
What is the remainder when 5290323 is divided by 5290221?
102
Calculate the remainder when 1386649 is divided by 693322.
5
What is the remainder when 7612 is divided by 271?
24
Calculate the remainder when 37229835 is divided by 43190.
55
What is the remainder when 3972727 is divided by 1323654?
1765
Calculate the remainder when 2855115 is divided by 855.
270
Calculate the remainder when 2000826 is divided by 7356.
7350
Calculate the remainder when 105862 is divided by 19411.
8807
What is the remainder when 8594873 is divided by 4085?
33
Calculate the remainder when 1457233425 is divided by 1114.
1113
What is the remainder when 1675499 is divided by 209435?
19
Calculate the remainder when 20021 is divided by 571.
36
Calculate the remainder when 725192 is divided by 1795.
12
Calculate the remainder when 24546898 is divided by 2017.
8
Calculate the remainder when 1388601 is divided by 932.
853
What is the remainder when 4148475 is divided by 1037113?
23
Calculate the remainder when 42933 is divided by 12785.
4578
Calculate the remainder when 2131490 is divided by 51.
47
What is the remainder when 1462703 is divided by 1462316?
387
What is the remainder when 2151470 is divided by 35270?
0
Calculate the remainder when 31113768 is divided by 1670.
1668
What is the remainder when 13734235 is divided by 14?
11
Calculate the remainder when 585466 is divided by 357.
343
Calculate the remainder when 811580 is divided by 405786.
8
Calculate the remainder when 1421047 is divided by 31571.
352
Calculate the remainder when 39